{"id":1419,"date":"2026-02-10T21:38:49","date_gmt":"2026-02-10T20:38:49","guid":{"rendered":"https:\/\/cafe-rio-lejos.com\/?page_id=1419"},"modified":"2026-03-14T19:01:36","modified_gmt":"2026-03-14T18:01:36","slug":"vivero-de-arboles-nativos","status":"publish","type":"page","link":"https:\/\/cafe-rio-lejos.com\/es\/impact\/native-tree-nursery\/","title":{"rendered":"Vivero de \u00e1rboles nativos"},"content":{"rendered":"<h2 class=\"wp-block-heading\">Cultivando bosques desde el territorio<\/h2>\n\n\n\n<p>El vivero de \u00e1rboles nativos de Finca la Esmeralda es una parte fundamental de nuestro trabajo de restauraci\u00f3n. Lo creamos para apoyar la regeneraci\u00f3n del bosque en nuestra finca y contribuir a procesos de renaturalizaci\u00f3n m\u00e1s amplios en la regi\u00f3n.<\/p>\n\n\n\n<p>Trabajamos con especies nativas que cultivamos a partir de semillas y pl\u00e1ntulas recolectadas en nuestra reserva. Estas especies pertenecen al ecosistema de los Andes Central y est\u00e1n adaptadas a las condiciones de altitud, suelo y clima del territorio. Por eso, son especialmente adecuadas para la restauraci\u00f3n de suelos y h\u00e1bitats en el Quind\u00edo.<\/p>\n\n\n\n<h2 class=\"wp-block-heading\">\u00bfPor qu\u00e9 es necesario un vivero de \u00e1rboles nativos?<\/h2>\n\n\n\n<p>Muchos proyectos de reforestaci\u00f3n se basan en un n\u00famero limitado de especies producidas en masa y de f\u00e1cil acceso. Esto suele dar lugar a bosques poco diversos, m\u00e1s cercanos a plantaciones que a ecosistemas naturales. En estos casos, pueden pasar d\u00e9cadas hasta que otras especies se establezcan de forma natural, a trav\u00e9s del viento o de los animales.<\/p>\n\n\n\n<p>En nuestro vivero cultivamos m\u00e1s de 100 especies de \u00e1rboles nativos, lo que nos permite impulsar procesos de restauraci\u00f3n m\u00e1s completos. As\u00ed logramos establecer en menos tiempo un bosque joven con caracter\u00edsticas similares a las de un ecosistema natural. Desde las primeras etapas, esto atrae aves, murci\u00e9lagos y otros animales que ayudan a dispersar semillas, acelerando la regeneraci\u00f3n y el aumento de la biodiversidad.<\/p>\n\n\n\n<p>Gracias a la diversidad de especies que cultivamos, podemos responder a las necesidades espec\u00edficas de cada lugar:<\/p>\n\n\n\n<ul class=\"wp-block-list\">\n<li>Restaurar suelos degradados mediante leguminosas fijadoras de nitr\u00f3geno<\/li>\n\n\n\n<li>Controlar pastos y especies invasoras de r\u00e1pido crecimiento<\/li>\n\n\n\n<li>Recuperar suelos compactados por el pastoreo<\/li>\n\n\n\n<li>Proteger fuentes y cursos de agua<\/li>\n\n\n\n<li>Conectar fragmentos de bosque a trav\u00e9s de corredores ecol\u00f3gicos<\/li>\n\n\n\n<li>Reducir la erosi\u00f3n en zonas de pendiente<\/li>\n\n\n\n<li>Introducir sistemas agroforestales<\/li>\n\n\n\n<li>Atraer aves y otros animales que favorecen la regeneraci\u00f3n.<\/li>\n<\/ul>\n\n\n\n<p>Para cada una de estas funciones contamos con diferentes especies, lo que permite procesos de restauraci\u00f3n m\u00e1s resilientes y alineados con la regeneraci\u00f3n natural.<\/p>\n\n\n\n<h2 class=\"wp-block-heading\">Del bosque al vivero, y del vivero al bosque<\/h2>\n\n\n\n<p>La vida de cada \u00e1rbol comienza en los bosques cercanos. Recolectamos semillas y pl\u00e1ntulas en \u00e1reas de bosque primario, zonas en regeneraci\u00f3n dentro de la reserva, y en bosques vecinos y fincas aliadas.<\/p>\n\n\n\n<p>En el vivero, las plantas se cuidan con atenci\u00f3n hasta alcanzar la fortaleza necesaria para ser trasplantadas. Este proceso facilita su adaptaci\u00f3n y aumenta sus probabilidades de supervivencia en campo.<\/p>\n\n\n\n<p>La observaci\u00f3n directa nos permite identificar qu\u00e9 especies funcionan mejor en cada lugar, optimizando as\u00ed los procesos de restauraci\u00f3n. De esta manera, el vivero act\u00faa como un puente entre los bosques existentes y las \u00e1reas en recuperaci\u00f3n, creciendo y adapt\u00e1ndose junto al territorio.<\/p>\n\n\n\n<h2 class=\"wp-block-heading\">Compartir conocimiento m\u00e1s all\u00e1 de la finca<\/h2>\n\n\n\n<p>El vivero de \u00e1rboles nativos tambi\u00e9n apoya procesos de restauraci\u00f3n m\u00e1s all\u00e1 de Caf\u00e9 R\u00edo Lejos. En colaboraci\u00f3n con fincas vecinas y aliados locales, compartimos material vegetal, experiencia y conocimiento pr\u00e1ctico.<\/p>\n\n\n\n<p>Estos intercambios permiten que m\u00e1s personas puedan restaurar sus tierras e implementar sistemas agroforestales adaptados a su contexto.<\/p>\n\n\n\n<p>Cada \u00e1rbol que cultivamos lleva consigo conocimiento del territorio \u2014del suelo, el clima y la ecolog\u00eda\u2014 y forma parte de un compromiso a largo plazo con la regeneraci\u00f3n de paisajes vivos.<\/p>\n\n\n\n<p><\/p>","protected":false},"excerpt":{"rendered":"<p>Growing forests from local roots The native tree nursery at Caf\u00e9 R\u00edo Lejos is an integral part of our restoration effort. We built it up to support forest regeneration on our farm and to contribute to wider renaturation efforts in the region. We focus on native tree species grown from seeds and seedlings from our [&hellip;]<\/p>\n","protected":false},"author":3,"featured_media":1475,"parent":1393,"menu_order":0,"comment_status":"closed","ping_status":"closed","template":"","meta":{"footnotes":""},"class_list":["post-1419","page","type-page","status-publish","has-post-thumbnail","hentry"],"_links":{"self":[{"href":"https:\/\/cafe-rio-lejos.com\/es\/wp-json\/wp\/v2\/pages\/1419","targetHints":{"allow":["GET"]}}],"collection":[{"href":"https:\/\/cafe-rio-lejos.com\/es\/wp-json\/wp\/v2\/pages"}],"about":[{"href":"https:\/\/cafe-rio-lejos.com\/es\/wp-json\/wp\/v2\/types\/page"}],"author":[{"embeddable":true,"href":"https:\/\/cafe-rio-lejos.com\/es\/wp-json\/wp\/v2\/users\/3"}],"replies":[{"embeddable":true,"href":"https:\/\/cafe-rio-lejos.com\/es\/wp-json\/wp\/v2\/comments?post=1419"}],"version-history":[{"count":31,"href":"https:\/\/cafe-rio-lejos.com\/es\/wp-json\/wp\/v2\/pages\/1419\/revisions"}],"predecessor-version":[{"id":2558,"href":"https:\/\/cafe-rio-lejos.com\/es\/wp-json\/wp\/v2\/pages\/1419\/revisions\/2558"}],"up":[{"embeddable":true,"href":"https:\/\/cafe-rio-lejos.com\/es\/wp-json\/wp\/v2\/pages\/1393"}],"wp:featuredmedia":[{"embeddable":true,"href":"https:\/\/cafe-rio-lejos.com\/es\/wp-json\/wp\/v2\/media\/1475"}],"wp:attachment":[{"href":"https:\/\/cafe-rio-lejos.com\/es\/wp-json\/wp\/v2\/media?parent=1419"}],"curies":[{"name":"wp","href":"https:\/\/api.w.org\/{rel}","templated":true}]}}

Vivero de árboles nativos

<h2 class="wp-block-heading">Cultivando bosques desde el territorio</h2>



<p>El vivero de árboles nativos de Finca la Esmeralda es una parte fundamental de nuestro trabajo de restauración. Lo creamos para apoyar la regeneración del bosque en nuestra finca y contribuir a procesos de renaturalización más amplios en la región.</p>



<p>Trabajamos con especies nativas que cultivamos a partir de semillas y plántulas recolectadas en nuestra reserva. Estas especies pertenecen al ecosistema de los Andes Central y están adaptadas a las condiciones de altitud, suelo y clima del territorio. Por eso, son especialmente adecuadas para la restauración de suelos y hábitats en el Quindío.</p>



<h2 class="wp-block-heading">¿Por qué es necesario un vivero de árboles nativos?</h2>



<p>Muchos proyectos de reforestación se basan en un número limitado de especies producidas en masa y de fácil acceso. Esto suele dar lugar a bosques poco diversos, más cercanos a plantaciones que a ecosistemas naturales. En estos casos, pueden pasar décadas hasta que otras especies se establezcan de forma natural, a través del viento o de los animales.</p>



<p>En nuestro vivero cultivamos más de 100 especies de árboles nativos, lo que nos permite impulsar procesos de restauración más completos. Así logramos establecer en menos tiempo un bosque joven con características similares a las de un ecosistema natural. Desde las primeras etapas, esto atrae aves, murciélagos y otros animales que ayudan a dispersar semillas, acelerando la regeneración y el aumento de la biodiversidad.</p>



<p>Gracias a la diversidad de especies que cultivamos, podemos responder a las necesidades específicas de cada lugar:</p>



<ul class="wp-block-list">
<li>Restaurar suelos degradados mediante leguminosas fijadoras de nitrógeno</li>



<li>Controlar pastos y especies invasoras de rápido crecimiento</li>



<li>Recuperar suelos compactados por el pastoreo</li>



<li>Proteger fuentes y cursos de agua</li>



<li>Conectar fragmentos de bosque a través de corredores ecológicos</li>



<li>Reducir la erosión en zonas de pendiente</li>



<li>Introducir sistemas agroforestales</li>



<li>Atraer aves y otros animales que favorecen la regeneración.</li>
</ul>



<p>Para cada una de estas funciones contamos con diferentes especies, lo que permite procesos de restauración más resilientes y alineados con la regeneración natural.</p>



<h2 class="wp-block-heading">Del bosque al vivero, y del vivero al bosque</h2>



<p>La vida de cada árbol comienza en los bosques cercanos. Recolectamos semillas y plántulas en áreas de bosque primario, zonas en regeneración dentro de la reserva, y en bosques vecinos y fincas aliadas.</p>



<p>En el vivero, las plantas se cuidan con atención hasta alcanzar la fortaleza necesaria para ser trasplantadas. Este proceso facilita su adaptación y aumenta sus probabilidades de supervivencia en campo.</p>



<p>La observación directa nos permite identificar qué especies funcionan mejor en cada lugar, optimizando así los procesos de restauración. De esta manera, el vivero actúa como un puente entre los bosques existentes y las áreas en recuperación, creciendo y adaptándose junto al territorio.</p>



<h2 class="wp-block-heading">Compartir conocimiento más allá de la finca</h2>



<p>El vivero de árboles nativos también apoya procesos de restauración más allá de Café Río Lejos. En colaboración con fincas vecinas y aliados locales, compartimos material vegetal, experiencia y conocimiento práctico.</p>



<p>Estos intercambios permiten que más personas puedan restaurar sus tierras e implementar sistemas agroforestales adaptados a su contexto.</p>



<p>Cada árbol que cultivamos lleva consigo conocimiento del territorio —del suelo, el clima y la ecología— y forma parte de un compromiso a largo plazo con la regeneración de paisajes vivos.</p>



<p></p>

<p>Growing forests from local roots The native tree nursery at Café Río Lejos is an integral part of our restoration effort. We built it up to support forest regeneration on our farm and to contribute to wider renaturation efforts in the region. We focus on native tree species grown from seeds and seedlings from our [&hellip;]</p>
